{"id":1360,"date":"2025-01-14T08:13:15","date_gmt":"2025-01-14T07:13:15","guid":{"rendered":"https:\/\/talsannat.com\/?page_id=1360"},"modified":"2025-01-25T14:54:39","modified_gmt":"2025-01-25T13:54:39","slug":"czech-top-ten-podminky","status":"publish","type":"page","link":"https:\/\/talsannat.com\/index.php\/czech-top-ten-podminky\/","title":{"rendered":"Czech TOP TEN \/ podm\u00ednky"},"content":{"rendered":"\n<p>\u00da\u010dast v sout\u011b\u017ei o Nej\u00fasp\u011b\u0161n\u011bj\u0161\u00edho v\u00fdstavn\u00edho psa roku &#8211; CZ TOP-TEN<br>Sout\u011b\u017e o nej\u00fasp\u011b\u0161n\u011bj\u0161\u00edho v\u00fdstavn\u00edho psa roku je zpracov\u00e1na podle v\u00fdsledk\u016f n\u00e1rodn\u00edch, mezin\u00e1rodn\u00edch, klubov\u00fdch a speci\u00e1ln\u00edch v\u00fdstav na \u00fazem\u00ed \u010cR. Automaticky jsou zpracov\u00e1ny v\u00fdsledky v\u0161ech p\u0159ihl\u00e1\u0161en\u00fdch ps\u016f na tyto v\u00fdstavy. Za ka\u017ed\u00fd titul jsou p\u0159id\u011bleny body dle rozpisu. Po ukon\u010den\u00ed v\u00fdstavn\u00ed sezony podle po\u010dtu dosa\u017een\u00fdch bod\u016f zpracuji v\u00fdsledky, kter\u00e9 jsou uve\u0159ejn\u011bny na internetov\u00fdch str\u00e1nk\u00e1ch Tal Sannat.<\/p>\n\n\n\n<p><strong>Body za tituly:<\/strong><\/p>\n\n\n\n<figure class=\"wp-block-table is-style-regular\"><table class=\"has-fixed-layout\"><thead><tr><th class=\"has-text-align-right\" data-align=\"right\">Po\u010det bod\u016f<\/th><th class=\"has-text-align-left\" data-align=\"left\">Titul<\/th><\/tr><\/thead><tbody><tr><td class=\"has-text-align-right\" data-align=\"right\">2<\/td><td class=\"has-text-align-left\" data-align=\"left\">BOJ, BOV<\/td><\/tr><tr><td class=\"has-text-align-right\" data-align=\"right\">3<\/td><td class=\"has-text-align-left\" data-align=\"left\">CAJC, resCAC, V1 veter\u00e1n, CACIB-J, CACIB-V<\/td><\/tr><tr><td class=\"has-text-align-right\" data-align=\"right\">4<\/td><td class=\"has-text-align-left\" data-align=\"left\">CAC<\/td><\/tr><tr><td class=\"has-text-align-right\" data-align=\"right\">5<\/td><td class=\"has-text-align-left\" data-align=\"left\">resCACIB, BOS<\/td><\/tr><tr><td class=\"has-text-align-right\" data-align=\"right\">6<\/td><td class=\"has-text-align-left\" data-align=\"left\">CACIB, N\u00e1rodn\u00ed v\u00edt\u011bz<\/td><\/tr><tr><td class=\"has-text-align-right\" data-align=\"right\">7<\/td><td class=\"has-text-align-left\" data-align=\"left\">JunEW, JunWW<\/td><\/tr><tr><td class=\"has-text-align-right\" data-align=\"right\">9<\/td><td class=\"has-text-align-left\" data-align=\"left\">European Winner, World Winner<\/td><\/tr><tr><td class=\"has-text-align-right\" data-align=\"right\">10<\/td><td class=\"has-text-align-left\" data-align=\"left\">BOB<\/td><\/tr><\/tbody><\/table><\/figure>\n\n\n\n<p><br><strong>Dal\u0161\u00ed body za um\u00edst\u011bn\u00ed v z\u00e1v\u011bre\u010dn\u00fdch sout\u011b\u017e\u00edch na NV\/MV:<\/strong><\/p>\n\n\n\n<ul>\n<li><strong>dosp\u011bl\u00ed<\/strong>: BOD \u2013 5 bod\u016f, BIS \u2013 5 bod\u016f, BIG#1 \u2013 10 bod\u016f, BIG#2 \u2013 9 bod\u016f, BIG#3 \u2013 8 bod\u016f, BIG#4 \u2013 7<br>bod\u016f, BIG#5 \u2013 6 bod\u016f<\/li>\n\n\n\n<li><strong>mlad\u00ed a veter\u00e1ni<\/strong>: BIS Junior\/Veter\u00e1n \u2013 5 bod\u016f, Junior BIG #1\/Veter\u00e1ni #1 \u2013 5 bod\u016f, Junior BIG #2<br>\/Veter\u00e1ni \u2013 4 body, Junior BIG #3 \/Veter\u00e1ni \u2013 3 body, Junior BIG #4 \/Veter\u00e1ni \u2013 2 body, Junior BIG #5<br>\/Veter\u00e1ni \u2013 1 bod<\/li>\n<\/ul>\n\n\n\n<p><strong>Dal\u0161\u00ed body za um\u00edst\u011bn\u00ed na KL\/SV:<\/strong><\/p>\n\n\n\n<figure class=\"wp-block-table\"><table class=\"has-fixed-layout\"><thead><tr><th class=\"has-text-align-right\" data-align=\"right\">Po\u010det bod\u016f<\/th><th class=\"has-text-align-left\" data-align=\"left\">titul<\/th><\/tr><\/thead><tbody><tr><td class=\"has-text-align-right\" data-align=\"right\">2<\/td><td class=\"has-text-align-left\" data-align=\"left\">V1 \u010destn\u00e1, BIS t\u0159\u00edd \u010destn\u00fdch<\/td><\/tr><tr><td class=\"has-text-align-right\" data-align=\"right\">5<\/td><td class=\"has-text-align-left\" data-align=\"left\">BIS Junior, BIS Veter\u00e1n<\/td><\/tr><tr><td class=\"has-text-align-right\" data-align=\"right\">10<\/td><td class=\"has-text-align-left\" data-align=\"left\">Klubov\u00fd v\u00edt\u011bz \/ V\u00edt\u011bz Speci\u00e1ln\u00ed v\u00fdstavy \/ BIS<\/td><\/tr><\/tbody><\/table><\/figure>\n\n\n\n<p><br>D\u00e1le pak ka\u017ed\u00e9mu psovi\/fen\u011b co z\u00edskali body za um\u00edst\u011bn\u00ed n\u00e1le\u017e\u00ed je\u0161t\u011b 0,25 bod\u016f za ka\u017ed\u00e9ho dal\u0161\u00edho NAHL\u00c1\u0160EN\u00c9HO psa\/fenu na v\u00fdstavu v dan\u00e9m plemeni (mimo t\u0159\u00eddy \u0161t\u011b\u0148at, dorostu a \u010destn\u00e9), bez ohledu na to, zda se z\u00fa\u010dastnili. Plat\u00ed pro v\u0161echny zapo\u010d\u00edt\u00e1v\u00e1n\u00e9 v\u00fdstavy.<\/p>\n\n\n\n<p>p\u0159\u00edklad : na MVP je nahl\u00e1\u0161eno celkem 5 Faraonsk\u00fdch ps\u016f. Pes XY z\u00edsk\u00e1 na v\u00fdstav\u011b titul CAC, CACIB, BOB. P\u0159epo\u010dteno na body je to 4 za CAC + 6 za CACIB + 10 za BOB + 1.25 za ka\u017ed\u00e9ho nahl\u00e1\u0161en\u00e9ho = celkem 21.25 bod\u016f. Fena YX z\u00edsk\u00e1 res. CAC, res.CACIB = na body 3 za res. CAC + 5 bod\u016f za Res.CACIB + 1.25 za ka\u017ed\u00e9ho p\u0159ihl\u00e1\u0161en\u00e9ho = celkem 9.25 bod\u016f.<\/p>\n\n\n\n<p><strong>Do v\u00fdsledn\u00fdch tabulek se zpracov\u00e1v\u00e1 prvn\u00edch 10 m\u00edst a jsou 3 kategorie:<\/strong><br>&#8222;<strong>mlad\u00ed<\/strong>&#8220; &#8211; psi a feny p\u0159edveden\u00ed ve t\u0159\u00edd\u00e1ch mlad\u00fdch.<br>&#8222;<strong>dosp\u011bl\u00ed<\/strong>&#8220; &#8211; psi a feny, kte\u0159\u00ed nespadaj\u00ed do mlad\u00fdch ani veter\u00e1n\u016f, bez ohledu na to, ve kter\u00e9 &#8222;dosp\u011bl\u00e9&#8220; t\u0159\u00edd\u011b byli p\u0159edvedeni<br>&#8222;<strong>veter\u00e1ni<\/strong>&#8220; &#8211; zde se za\u0159azuj\u00ed psi a feny, kte\u0159\u00ed byli p\u0159edvedeni ve t\u0159\u00edd\u011b veter\u00e1n\u016f.<\/p>\n\n\n\n<p><strong>D\u00e1le se zpracov\u00e1vaj\u00ed tabulky nejlep\u0161\u00edch chovatelsk\u00fdch stanic.<\/strong><br>Zapo\u010d\u00edt\u00e1vaj\u00ed se v\u0161echny body v\u0161ech odchov\u016f podle stanic. Z toho vypl\u00fdv\u00e1,<br>\u017ee pokud se\u010dtete body nej\u00fasp\u011b\u0161n\u011bj\u0161\u00edch fen a ps\u016f v tabulce TOP 10 nesed\u00ed body do nejlep\u0161\u00edch<br>stanic, proto\u017ee v tabulce nejsou uvedeny m\u00edsta od 11. po\u0159ad\u00ed n\u00ed\u017ee, ale do dal\u0161\u00edch v\u00fdsledk\u016f se zapo\u010d\u00edt\u00e1vaj\u00ed.<\/p>\n\n\n\n<p><strong>Absolutn\u00ed v\u00edt\u011bz TOP TEN<\/strong><br>Do \u201esouboje\u201c o Absolutn\u00edho v\u00edt\u011bze v\u0161ech plemen zast\u0159e\u0161en\u00fdch v KFP budou za\u0159azeni pouze v\u00edt\u011bzn\u00ed jedinci, jejich\u017e plemeno m\u011blo v dan\u00e9m roce p\u0159edvedeny a ocen\u011bny alespo\u0148 3 r\u016fzn\u00e9 jedince ve t\u0159\u00edd\u00e1ch od mlad\u00fdch v\u00fd\u0161e.<\/p>\n\n\n\n<p>V\u00edt\u011bzi jednotliv\u00fdch plemen se v r\u00e1mci \u201esouboje\u201c o absolutn\u00edho v\u00edt\u011bze p\u0159i\u010d\u00edtaj\u00ed nav\u00edc body za v\u0161echny jedince sv\u00e9ho plemene, kte\u0159\u00ed byli ocen\u011bni b\u011bhem dan\u00e9ho roku.<\/p>\n\n\n\n<p><strong>P\u0159\u00edklad:<\/strong><br>Pokud v\u00edt\u011bzn\u00fd faraonsk\u00fd pes z\u00edsk\u00e1 80 bod\u016f a v pr\u016fb\u011bhu roku bylo na v\u00fdstav\u00e1ch ocen\u011bno celkem 30 faraonsk\u00fdch ps\u016f, k jeho bod\u016fm se p\u0159i\u010dte dal\u0161\u00edch 30 bod\u016f za po\u010det ocen\u011bn\u00fdch jedinc\u016f jeho plemene.<br>Naopak, pokud se v dan\u00e9m roce v r\u00e1mci ur\u010dit\u00e9ho plemene z\u00fa\u010dastn\u00ed v\u00fdstav pouze 3 jedinci, v\u00edt\u011bzi tohoto plemene se k jeho bod\u016fm p\u0159i\u010dtou jen 3 body.<\/p>\n\n\n\n<p>Zapo\u010d\u00edt\u00e1vaj\u00ed se pouze n\u00e1rodn\u00ed, mezin\u00e1rodn\u00ed, klubov\u00e9 a speci\u00e1ln\u00ed v\u00fdstavy po\u0159\u00e1dan\u00e9 v \u010cR.<br>Oblastn\u00ed ani krajsk\u00e9 v\u00fdstavy se nezapo\u010d\u00edt\u00e1vaj\u00ed.<br>V\u00fdsledky ze t\u0159\u00edd \u0161t\u011b\u0148at, dorostu a \u010destn\u00e9 nejsou zapo\u010d\u00edt\u00e1ny, v\u00fdjimkou je t\u0159\u00edda \u010destn\u00e1 na klubov\u00fdch a<br>speci\u00e1ln\u00edch v\u00fdstav\u00e1ch.<\/p>\n\n\n\n<p class=\"has-text-align-right\"><em>TOP-TEN bodov\u00e1n\u00ed bylo inspirov\u00e1no letit\u00fdm osv\u011bd\u010den\u00fdm syst\u00e9mem klubu Belgick\u00fdch ov\u010d\u00e1k\u016f KCHBO.<br>Pro pot\u0159eby v\u00fdpo\u010dtu pro plemena zast\u0159e\u0161ena KFP, si upravila Denisa Kazm\u011br\u010d\u00edkov\u00e1.<\/em><\/p>\n\n\n\n<p><\/p>\n","protected":false},"excerpt":{"rendered":"<p>\u00da\u010dast v sout\u011b\u017ei o Nej\u00fasp\u011b\u0161n\u011bj\u0161\u00edho v\u00fdstavn\u00edho psa roku &#8211; CZ TOP-TENSout\u011b\u017e o nej\u00fasp\u011b\u0161n\u011bj\u0161\u00edho v\u00fdstavn\u00edho psa roku je zpracov\u00e1na podle v\u00fdsledk\u016f n\u00e1rodn\u00edch, mezin\u00e1rodn\u00edch, klubov\u00fdch a speci\u00e1ln\u00edch v\u00fdstav na \u00fazem\u00ed \u010cR. Automaticky &#8230;<\/p>\n","protected":false},"author":1,"featured_media":0,"parent":0,"menu_order":0,"comment_status":"closed","ping_status":"closed","template":"template-fullwidth.php","meta":{"footnotes":""},"_links":{"self":[{"href":"https:\/\/talsannat.com\/index.php\/wp-json\/wp\/v2\/pages\/1360"}],"collection":[{"href":"https:\/\/talsannat.com\/index.php\/wp-json\/wp\/v2\/pages"}],"about":[{"href":"https:\/\/talsannat.com\/index.php\/wp-json\/wp\/v2\/types\/page"}],"author":[{"embeddable":true,"href":"https:\/\/talsannat.com\/index.php\/wp-json\/wp\/v2\/users\/1"}],"replies":[{"embeddable":true,"href":"https:\/\/talsannat.com\/index.php\/wp-json\/wp\/v2\/comments?post=1360"}],"version-history":[{"count":6,"href":"https:\/\/talsannat.com\/index.php\/wp-json\/wp\/v2\/pages\/1360\/revisions"}],"predecessor-version":[{"id":1483,"href":"https:\/\/talsannat.com\/index.php\/wp-json\/wp\/v2\/pages\/1360\/revisions\/1483"}],"wp:attachment":[{"href":"https:\/\/talsannat.com\/index.php\/wp-json\/wp\/v2\/media?parent=1360"}],"curies":[{"name":"wp","href":"https:\/\/api.w.org\/{rel}","templated":true}]}}