{"id":133,"date":"2024-03-04T12:15:10","date_gmt":"2024-03-04T11:15:10","guid":{"rendered":"https:\/\/test.talsannat.com\/?page_id=133"},"modified":"2025-04-30T11:52:52","modified_gmt":"2025-04-30T09:52:52","slug":"stenatka","status":"publish","type":"page","link":"https:\/\/talsannat.com\/index.php\/stenatka\/","title":{"rendered":"\u0160t\u011b\u0148\u00e1tka Faraonsk\u00e9ho psa \/ Pharaoh Hound Puppies"},"content":{"rendered":"\n<figure data-wp-context=\"{ &quot;core&quot;:\n\t\t\t\t{ &quot;image&quot;:\n\t\t\t\t\t{   &quot;imageLoaded&quot;: false,\n\t\t\t\t\t\t&quot;initialized&quot;: false,\n\t\t\t\t\t\t&quot;lightboxEnabled&quot;: false,\n\t\t\t\t\t\t&quot;hideAnimationEnabled&quot;: false,\n\t\t\t\t\t\t&quot;preloadInitialized&quot;: false,\n\t\t\t\t\t\t&quot;lightboxAnimation&quot;: &quot;zoom&quot;,\n\t\t\t\t\t\t&quot;imageUploadedSrc&quot;: &quot;https:\/\/talsannat.com\/wp-content\/uploads\/2024\/05\/image.png&quot;,\n\t\t\t\t\t\t&quot;imageCurrentSrc&quot;: &quot;&quot;,\n\t\t\t\t\t\t&quot;targetWidth&quot;: &quot;1920&quot;,\n\t\t\t\t\t\t&quot;targetHeight&quot;: &quot;1180&quot;,\n\t\t\t\t\t\t&quot;scaleAttr&quot;: &quot;&quot;,\n\t\t\t\t\t\t&quot;dialogLabel&quot;: &quot;Zv\u011bt\u0161en\u00fd obr\u00e1zek&quot;\n\t\t\t\t\t}\n\t\t\t\t}\n\t\t\t}\" data-wp-interactive class=\"wp-block-image size-large wp-lightbox-container\"><img loading=\"lazy\" decoding=\"async\" width=\"1024\" height=\"629\" data-wp-effect--setStylesOnResize=\"effects.core.image.setStylesOnResize\" data-wp-effect=\"effects.core.image.setButtonStyles\" data-wp-init=\"effects.core.image.initOriginImage\" data-wp-on--click=\"actions.core.image.showLightbox\" data-wp-on--load=\"actions.core.image.handleLoad\" src=\"https:\/\/talsannat.com\/wp-content\/uploads\/2024\/05\/image-1024x629.png\" alt=\"\" class=\"wp-image-542\" srcset=\"https:\/\/talsannat.com\/wp-content\/uploads\/2024\/05\/image-1024x629.png 1024w, https:\/\/talsannat.com\/wp-content\/uploads\/2024\/05\/image-300x184.png 300w, https:\/\/talsannat.com\/wp-content\/uploads\/2024\/05\/image-768x472.png 768w, https:\/\/talsannat.com\/wp-content\/uploads\/2024\/05\/image-1536x944.png 1536w, https:\/\/talsannat.com\/wp-content\/uploads\/2024\/05\/image.png 1920w\" sizes=\"(max-width: 1024px) 100vw, 1024px\" \/><button\n\t\t\tclass=\"lightbox-trigger\"\n\t\t\ttype=\"button\"\n\t\t\taria-haspopup=\"dialog\"\n\t\t\taria-label=\"Zv\u011bt\u0161it obr\u00e1zek\"\n\t\t\tdata-wp-on--click=\"actions.core.image.showLightbox\"\n\t\t\tdata-wp-style--right=\"context.core.image.imageButtonRight\"\n\t\t\tdata-wp-style--top=\"context.core.image.imageButtonTop\"\n\t\t>\n\t\t\t<svg xmlns=\"http:\/\/www.w3.org\/2000\/svg\" width=\"12\" height=\"12\" fill=\"none\" viewBox=\"0 0 12 12\">\n\t\t\t\t<path fill=\"#fff\" d=\"M2 0a2 2 0 0 0-2 2v2h1.5V2a.5.5 0 0 1 .5-.5h2V0H2Zm2 10.5H2a.5.5 0 0 1-.5-.5V8H0v2a2 2 0 0 0 2 2h2v-1.5ZM8 12v-1.5h2a.5.5 0 0 0 .5-.5V8H12v2a2 2 0 0 1-2 2H8Zm2-12a2 2 0 0 1 2 2v2h-1.5V2a.5.5 0 0 0-.5-.5H8V0h2Z\" \/>\n\t\t\t<\/svg>\n\t\t<\/button>        <div data-wp-body=\"\" class=\"wp-lightbox-overlay zoom\"\n            data-wp-bind--role=\"selectors.core.image.roleAttribute\"\n            data-wp-bind--aria-label=\"selectors.core.image.dialogLabel\"\n            data-wp-class--initialized=\"context.core.image.initialized\"\n            data-wp-class--active=\"context.core.image.lightboxEnabled\"\n            data-wp-class--hideAnimationEnabled=\"context.core.image.hideAnimationEnabled\"\n            data-wp-bind--aria-modal=\"selectors.core.image.ariaModal\"\n            data-wp-effect=\"effects.core.image.initLightbox\"\n            data-wp-on--keydown=\"actions.core.image.handleKeydown\"\n            data-wp-on--touchstart=\"actions.core.image.handleTouchStart\"\n            data-wp-on--touchmove=\"actions.core.image.handleTouchMove\"\n            data-wp-on--touchend=\"actions.core.image.handleTouchEnd\"\n            data-wp-on--click=\"actions.core.image.hideLightbox\"\n            tabindex=\"-1\"\n            >\n                <button type=\"button\" aria-label=\"Zav\u0159\u00edt\" style=\"fill: #000\" class=\"close-button\" data-wp-on--click=\"actions.core.image.hideLightbox\">\n                    <svg xmlns=\"http:\/\/www.w3.org\/2000\/svg\" viewBox=\"0 0 24 24\" width=\"20\" height=\"20\" aria-hidden=\"true\" focusable=\"false\"><path d=\"M13 11.8l6.1-6.3-1-1-6.1 6.2-6.1-6.2-1 1 6.1 6.3-6.5 6.7 1 1 6.5-6.6 6.5 6.6 1-1z\"><\/path><\/svg>\n                <\/button>\n                <div class=\"lightbox-image-container\">\n<figure class=\"wp-block-image size-large responsive-image\"><img decoding=\"async\" data-wp-bind--src=\"context.core.image.imageCurrentSrc\" data-wp-style--object-fit=\"selectors.core.image.lightboxObjectFit\" src=\"\" alt=\"\" class=\"wp-image-542\"\/><\/figure>\n<\/div>\n                <div class=\"lightbox-image-container\">\n<figure class=\"wp-block-image size-large enlarged-image\"><img decoding=\"async\" data-wp-bind--src=\"selectors.core.image.enlargedImgSrc\" data-wp-style--object-fit=\"selectors.core.image.lightboxObjectFit\" src=\"\" alt=\"\" class=\"wp-image-542\"\/><\/figure>\n<\/div>\n                <div class=\"scrim\" style=\"background-color: #fff\" aria-hidden=\"true\"><\/div>\n        <\/div><\/figure>\n\n\n\n<p class=\"has-text-align-center has-medium-font-size\"><strong>After several years&#8216; break, we are now accepting reservations for our Pharaoh Hound puppies expected in May 2025.<\/strong><\/p>\n\n\n\n<p>This upcoming combination is very close to my heart \u2013 one I\u2019ve been waiting for a long time and am incredibly excited about. Both parents are very similar in type, which is always a key factor for me when planning a litter. I believe that type consistency is the foundation for producing balanced, high-quality offspring.<br>I\u2019m truly thrilled with how the pedigrees of both parents complement each other. This pairing offers excellent potential in terms of both appearance and character, as well as valuable genetic stability for future breeding.<br>Both parents have full dentition with correct scissors bite, beautiful dark eyes, ideal size, and wonderful, friendly, and confident temperaments. They are dogs that are a joy to live with \u2013 and that\u2019s exactly what I hope their puppies will be.<br>I truly believe this litter will bring puppies we can be very proud of.<\/p>\n\n\n\n<div class=\"wp-block-columns is-layout-flex wp-container-core-columns-layout-1 wp-block-columns-is-layout-flex\">\n<div class=\"wp-block-column is-layout-flow wp-block-column-is-layout-flow\">\n<p class=\"has-text-align-right\"><strong><em>Father<\/em><\/strong>, a perfect and impeccable representative of his breed, who is born once in a very, very long time\u2026 every breeder&#8217;s dream:<\/p>\n\n\n\n<p class=\"has-text-align-right\" style=\"font-size:18px\"><strong>Farao Anubis Aldebaran<\/strong><br>(import Sweden)<\/p>\n\n\n\n<p class=\"has-text-align-right\">5x Specialty BEST IN SHOW (under specialists)<br>BEST IN SHOW BOS \u2013 Regional R\u00fdma\u0159ov 2022<br>C.I.B. InterChampion<br>Czech Champion<br>Czech Grand Champion<br>Champion of CMKU<br>Polish Champion<br>Hungarian Champion<br>Slovakian Champion<br>Czech Club Champion<br>Czech Junior Champion<br>res.CACIB at WDS Brno 2021<br>Czech Specialty Winner 2020, 2022, 2023, 2024<br>Czech Club Winner 2022<br>Czech National Winner 2020, 2021, 2022 <br>BIG 2, BIG 3, BIG 5, JBIG 4-5, Puppy BIS #2 <br>Champion of Champions BOB winner 2022 (+ shortlisted at BIG)<br>Crufts Q. for 2023, 2022, 2021<br>28x BOB (CZ, PL, SK) 10x CACIB (CZ, PL, SK), res.CACIB (SK) 17x CAC (CZ), Xx CAC-CMKU, 4x CWC (PL), 5x SK CAC 6x JunBOB (CZ, PL) 2x Junior CAC \u2013 PL 4x Junior CAC \u2013 CZ<\/p>\n<\/div>\n\n\n\n<div class=\"wp-block-column is-layout-flow wp-block-column-is-layout-flow\">\n<p><strong><em>Mom<\/em><\/strong>, a beautiful, elegant and expressive female, with a very desirable dark color, a typical representative of the breed. We didn&#8217;t show her too much, but she still has a nice collection of titles on her show account:<\/p>\n\n\n\n<p style=\"font-size:18px\"><strong>Effie Tal Sannat Whispering Sand<\/strong>&nbsp;<br>(import Latvia)<\/p>\n\n\n\n<p>Specialty BEST IN SHOW (under specialist)<br>Czech Champion<br>Polish Champion<br>Champion of CMKU<br>Czech Club Champion<br>Czech Club Winner 2024<br>Czech National Winner 2022<br>FCI World Promise 2021<br>4x BOB, 5x BOS, Crufts q. 2025<br>BOB puppy (WDS Brno, 2021)<br>6x CACIB (PL, CZ), res.CACIB, <br>SK CAC, 4x CWC, 7x CAC CZ<br>include CAC at CZ club show 2022 (M.Levente)<br>CAC at CZ special show 2022 (J.Vuorinen) <br>2x res.CAC (club + spec. 2023)<\/p>\n\n\n\n<p><\/p>\n<\/div>\n<\/div>\n\n\n\n<figure class=\"wp-block-gallery has-nested-images columns-default is-cropped wp-block-gallery-1 is-layout-flex wp-block-gallery-is-layout-flex\">\n<figure class=\"wp-block-image size-large\"><img loading=\"lazy\" decoding=\"async\" width=\"800\" height=\"533\" data-id=\"337\" src=\"https:\/\/talsannat.com\/wp-content\/uploads\/2024\/03\/luki2.png\" alt=\"\" class=\"wp-image-337\" srcset=\"https:\/\/talsannat.com\/wp-content\/uploads\/2024\/03\/luki2.png 800w, https:\/\/talsannat.com\/wp-content\/uploads\/2024\/03\/luki2-300x200.png 300w, https:\/\/talsannat.com\/wp-content\/uploads\/2024\/03\/luki2-768x512.png 768w\" sizes=\"(max-width: 800px) 100vw, 800px\" \/><\/figure>\n\n\n\n<figure class=\"wp-block-image size-large\"><img loading=\"lazy\" decoding=\"async\" width=\"800\" height=\"533\" data-id=\"1218\" src=\"https:\/\/talsannat.com\/wp-content\/uploads\/2024\/11\/image-5.png\" alt=\"\" class=\"wp-image-1218\" srcset=\"https:\/\/talsannat.com\/wp-content\/uploads\/2024\/11\/image-5.png 800w, https:\/\/talsannat.com\/wp-content\/uploads\/2024\/11\/image-5-300x200.png 300w, https:\/\/talsannat.com\/wp-content\/uploads\/2024\/11\/image-5-768x512.png 768w\" sizes=\"(max-width: 800px) 100vw, 800px\" \/><\/figure>\n<\/figure>\n\n\n\n<div style=\"height:36px\" aria-hidden=\"true\" class=\"wp-block-spacer\"><\/div>\n\n\n\n<p>The parents are similar in type, they are very suitable for each other, it can be assumed that they will pass their type on to their offspring.<br>Both have full teeth, with a scissor bite. They have a beautiful eye color. They are the perfect size. They have an excellent, fearless and friendly character.<\/p>\n\n\n\n<hr class=\"wp-block-separator has-alpha-channel-opacity is-style-wide\"\/>\n\n\n\n<p class=\"has-text-align-center has-medium-font-size\"><strong>Po n\u011bkolikalet\u00e9 pauze, p\u0159ij\u00edm\u00e1me z\u00e1znam na \u0161t\u011b\u0148\u00e1tka faraonsk\u00e9ho psa<\/strong>.<br><strong>N\u00e1\u0161 vrh &#8218;G&#8216; Tal Sannat se narod\u00ed ve druh\u00e9 polovin\u011b kv\u011btna 2025.<\/strong><\/p>\n\n\n\n<p>Tato kombinace je pro m\u011b nesm\u00edrn\u011b v\u00fdjime\u010dn\u00e1 a osobn\u011b velmi d\u016fle\u017eit\u00e1 \u2013 je to spojen\u00ed, na kter\u00e9 jsem dlouho \u010dekala a kter\u00e9 m\u011b nesm\u00edrn\u011b t\u011b\u0161\u00ed. Oba rodi\u010de jsou si velmi podobn\u00ed typem, co\u017e je pro m\u011b p\u0159i pl\u00e1nov\u00e1n\u00ed ka\u017ed\u00e9ho vrhu faraonsk\u00fdch ps\u016f kl\u00ed\u010dov\u00fd faktor. V\u011b\u0159\u00edm, \u017ee pr\u00e1v\u011b typov\u00e1 vyrovnanost je z\u00e1kladem pro vyv\u00e1\u017een\u00e1, kvalitn\u00ed a perspektivn\u00ed \u0161t\u011b\u0148ata.<\/p>\n\n\n\n<p>Rodokmeny obou rodi\u010d\u016f se skv\u011ble dopl\u0148uj\u00ed a p\u0159in\u00e1\u0161ej\u00ed nejen kr\u00e1sn\u00fd exteri\u00e9r a vyrovnanou povahu, ale i cennou genetickou stabilitu pro dal\u0161\u00ed chov. Oba rodi\u010de maj\u00ed kompletn\u00ed chrup s n\u016f\u017ekov\u00fdm skusem, kr\u00e1sn\u00e9 tmav\u00e9 o\u010di, ide\u00e1ln\u00ed velikost a p\u0159\u00e1telsk\u00e9, sebev\u011bdom\u00e9 a pohodov\u00e9 povahy. Jsou to psi, se kter\u00fdmi je radost \u017e\u00edt \u2013 a p\u0159esn\u011b takov\u00e1 \u0161t\u011b\u0148ata si z tohoto spojen\u00ed slibuji.<\/p>\n\n\n\n<p>V\u011b\u0159\u00edm, \u017ee tento vrh p\u0159inese \u0161t\u011b\u0148ata faraonsk\u00e9ho psa, na kter\u00e1 budeme moci b\u00fdt pr\u00e1vem hrd\u00ed.<\/p>\n\n\n\n<div class=\"wp-block-columns is-layout-flex wp-container-core-columns-layout-2 wp-block-columns-is-layout-flex\">\n<div class=\"wp-block-column is-layout-flow wp-block-column-is-layout-flow\">\n<p class=\"has-text-align-right\"><strong>Otec<\/strong>, dokonal\u00fd a bezvadn\u00fd p\u0159edstavitel sv\u00e9ho plemene, kter\u00fd se narod\u00ed jednou za hodn\u011b, hodn\u011b dlouho \u2026 sen ka\u017ed\u00e9ho chovatele:<\/p>\n\n\n\n<p class=\"has-text-align-right\" style=\"font-size:18px\"><strong>Farao Anubis Aldebaran<\/strong><br>(import Sweden)<\/p>\n\n\n\n<p class=\"has-text-align-right\">5x Specialty BEST IN SHOW (under specialists)<br>BEST IN SHOW BOS \u2013 Regional R\u00fdma\u0159ov 2022<br>C.I.B. InterChampion<br>Czech Champion<br>Czech Grand Champion<br>Champion of CMKU<br>Polish Champion<br>Hungarian Champion<br>Slovakian Champion<br>Czech Club Champion<br>Czech Junior Champion<br>res.CACIB at WDS Brno 2021<br>Czech Specialty Winner 2020, 2022, 2023, 2024<br>Czech Club Winner 2022<br>Czech National Winner 2020, 2021, 2022 <br>BIG 2, BIG 3, BIG 5, JBIG 4-5, Puppy BIS #2 <br>Champion of Champions BOB winner 2022 (+ shortlisted at BIG)<br>Crufts Q. for 2023, 2022, 2021<br>28x BOB (CZ, PL, SK) 10x CACIB (CZ, PL, SK), res.CACIB (SK) 17x CAC (CZ), Xx CAC-CMKU, 4x CWC (PL), 5x SK CAC 6x JunBOB (CZ, PL) 2x Junior CAC \u2013 PL 4x Junior CAC \u2013 CZ<\/p>\n<\/div>\n\n\n\n<div class=\"wp-block-column is-layout-flow wp-block-column-is-layout-flow\">\n<p><strong>Maminka<\/strong>, n\u00e1dhern\u00e1 elegantn\u00ed a v\u00fdrazn\u00e1 fenka, velmi \u017e\u00e1dan\u00e9ho tmav\u00e9ho zbarven\u00ed, typick\u00e1 p\u0159edstavitelka plemene. P\u0159\u00edli\u0161 jsme j\u00ed nevystavovali, ale i tak m\u00e1 na sv\u00e9m v\u00fdstavn\u00edm kont\u011b p\u011bknou sb\u00edrku titul\u016f:<\/p>\n\n\n\n<p style=\"font-size:18px\"><strong>Effie Tal Sannat Whispering Sand<\/strong><br>(import Loty\u0161sko)<\/p>\n\n\n\n<p>Specialty BEST IN SHOW (under specialist)<br>Czech Champion<br>Polish Champion<br>Champion of CMKU<br>Czech Club Champion<br>Czech Club Winner 2024<br>Czech National Winner 2022<br>FCI World Promise 2021<br>4x BOB, 5x BOS, Crufts q. 2025<br>BOB puppy (WDS Brno, 2021)<br>6x CACIB (PL, CZ), res.CACIB, <br>SK CAC, 4x CWC, 7x CAC CZ<br>include CAC at CZ club show 2022 (M.Levente)<br>CAC at CZ special show 2022 (J.Vuorinen) <br>2x res.CAC (club + spec. 2023)<\/p>\n<\/div>\n<\/div>\n\n\n\n<p><\/p>\n","protected":false},"excerpt":{"rendered":"<p>After several years&#8216; break, we are now accepting reservations for our Pharaoh Hound puppies expected in May 2025. This upcoming combination is very close to my heart \u2013 one I\u2019ve &#8230;<\/p>\n","protected":false},"author":1,"featured_media":0,"parent":0,"menu_order":0,"comment_status":"closed","ping_status":"closed","template":"","meta":{"footnotes":""},"_links":{"self":[{"href":"https:\/\/talsannat.com\/index.php\/wp-json\/wp\/v2\/pages\/133"}],"collection":[{"href":"https:\/\/talsannat.com\/index.php\/wp-json\/wp\/v2\/pages"}],"about":[{"href":"https:\/\/talsannat.com\/index.php\/wp-json\/wp\/v2\/types\/page"}],"author":[{"embeddable":true,"href":"https:\/\/talsannat.com\/index.php\/wp-json\/wp\/v2\/users\/1"}],"replies":[{"embeddable":true,"href":"https:\/\/talsannat.com\/index.php\/wp-json\/wp\/v2\/comments?post=133"}],"version-history":[{"count":57,"href":"https:\/\/talsannat.com\/index.php\/wp-json\/wp\/v2\/pages\/133\/revisions"}],"predecessor-version":[{"id":1575,"href":"https:\/\/talsannat.com\/index.php\/wp-json\/wp\/v2\/pages\/133\/revisions\/1575"}],"wp:attachment":[{"href":"https:\/\/talsannat.com\/index.php\/wp-json\/wp\/v2\/media?parent=133"}],"curies":[{"name":"wp","href":"https:\/\/api.w.org\/{rel}","templated":true}]}}